{"id":20,"date":"2022-01-04T18:09:01","date_gmt":"2022-01-04T17:09:01","guid":{"rendered":"https:\/\/psychoterapeutalubaczow.pl\/?page_id=20"},"modified":"2025-04-25T11:22:24","modified_gmt":"2025-04-25T09:22:24","slug":"kontakt","status":"publish","type":"page","link":"https:\/\/psychoterapeutalubaczow.pl\/index.php\/kontakt\/","title":{"rendered":"Kontakt"},"content":{"rendered":"\n<h2 class=\"wp-block-heading has-text-align-center\">ELEMENTY<\/h2>\n\n\n\n<h2 class=\"wp-block-heading has-text-align-center\">Gabinet Psychoterapii Poznawczo-Behawioralnej<\/h2>\n\n\n\n<h2 class=\"wp-block-heading has-text-align-center\">Apolonia Zubowska<\/h2>\n\n\n\n<p class=\"has-text-align-center\"><strong>Psychoterapeuta, Psycholog<\/strong><\/p>\n\n\n\n<p class=\"has-text-align-center\"><a href=\"tel:\/\/600246327\">+48&nbsp;600&nbsp;246&nbsp;327<\/a><\/p>\n\n\n\n<p class=\"has-text-align-center\"><a href=\"mailto:apolonia.zubowska@gmail.com\">apolonia.zubowska@gmail.com<\/a><\/p>\n\n\n\n<p><\/p>\n\n\n\n<p class=\"has-text-align-center\"><\/p>\n\n\n\n<p class=\"has-text-align-center\"> ul. Adama Mickiewicza 45 (II pi\u0119tro, budynek sanepidu)<\/p>\n\n\n\n<p>Prowadz\u0119 prywatny gabinet. Osoby zainteresowane konsultacj\u0105 przed rozpocz\u0119ciem psychoterapii, prosz\u0119 o sms lub wiadomo\u015b\u0107 na skrzynk\u0119 mailow\u0105 z kr\u00f3tk\u0105 informacj\u0105 o charakterystyce zg\u0142aszanych problem\u00f3w i potrzeb oraz podanie wieku.<\/p>\n\n\n\n<p>Nie podaj\u0119 godzin pracy, w kt\u00f3rych przyjmuj\u0119, poniewa\u017c z ka\u017cd\u0105 osob\u0105 ustalam termin indywidualnie, je\u015bli dysponuj\u0119 aktualnie wolnym terminem. Nie udzielam poradnictwa w mediach spo\u0142eczno\u015bciowych, telefonicznie lub mailowo, przed wcze\u015bniejszym ustaleniem terminu konsultacji. <\/p>\n\n\n\n<p>W razie zagro\u017cenia \u017cycia lub zdrowia nale\u017cy kontaktowa\u0107 si\u0119 z numerem 112 lub uda\u0107 si\u0119 na pobliski SOR; skontaktowa\u0107 si\u0119 z Izb\u0105 Przyj\u0119\u0107 Szpitala Psychiatrycznego w Jaros\u0142awiu: 16 624 06 00 (ulica Ko\u015bciuszki 18, Jaros\u0142aw). A w przypadku dzieci i m\u0142odzie\u017cy z Klinicznym Oddzia\u0142em Psychiatrycznym   dla Dzieci i M\u0142odzie\u017cy, ul. Paderewskiego 5, \u0141a\u0144cut: 17 224 02 67. <\/p>\n\n\n\n<center><iframe src=\"https:\/\/www.google.com\/maps\/embed?pb=!1m18!1m12!1m3!1d1249.116625100949!2d23.121652023561083!3d50.16092093364069!2m3!1f0!2f0!3f0!3m2!1i1024!2i768!4f13.1!3m3!1m2!1s0x0%3A0x7ff1433e29476e3a!2zNTDCsDA5JzQwLjIiTiAyM8KwMDcnMTcuNyJF!5e0!3m2!1spl!2spl!4v1641315996308!5m2!1spl!2spl\" width=\"600\" height=\"450\" style=\"border:0;\" allowfullscreen=\"\" loading=\"lazy\"><\/iframe><\/center>\n","protected":false},"excerpt":{"rendered":"<p>ELEMENTY Gabinet Psychoterapii Poznawczo-Behawioralnej Apolonia Zubowska Psychoterapeuta, Psycholog +48&nbsp;600&nbsp;246&nbsp;327 apolonia.zubowska@gmail.com ul. Adama Mickiewicza 45 (II pi\u0119tro, budynek sanepidu) Prowadz\u0119 prywatny gabinet. Osoby zainteresowane konsultacj\u0105 przed rozpocz\u0119ciem psychoterapii, prosz\u0119 o sms lub wiadomo\u015b\u0107 na skrzynk\u0119 mailow\u0105 z kr\u00f3tk\u0105 informacj\u0105 o charakterystyce zg\u0142aszanych problem\u00f3w i potrzeb oraz podanie wieku. Nie podaj\u0119 godzin pracy, w kt\u00f3rych przyjmuj\u0119, poniewa\u017c [&hellip;]<\/p>\n","protected":false},"author":2,"featured_media":0,"parent":0,"menu_order":0,"comment_status":"closed","ping_status":"closed","template":"page-templates\/full-width.php","meta":{"_ti_tpc_template_sync":false,"_ti_tpc_template_id":"","footnotes":""},"class_list":["post-20","page","type-page","status-publish","hentry"],"_links":{"self":[{"href":"https:\/\/psychoterapeutalubaczow.pl\/index.php\/wp-json\/wp\/v2\/pages\/20","targetHints":{"allow":["GET"]}}],"collection":[{"href":"https:\/\/psychoterapeutalubaczow.pl\/index.php\/wp-json\/wp\/v2\/pages"}],"about":[{"href":"https:\/\/psychoterapeutalubaczow.pl\/index.php\/wp-json\/wp\/v2\/types\/page"}],"author":[{"embeddable":true,"href":"https:\/\/psychoterapeutalubaczow.pl\/index.php\/wp-json\/wp\/v2\/users\/2"}],"replies":[{"embeddable":true,"href":"https:\/\/psychoterapeutalubaczow.pl\/index.php\/wp-json\/wp\/v2\/comments?post=20"}],"version-history":[{"count":16,"href":"https:\/\/psychoterapeutalubaczow.pl\/index.php\/wp-json\/wp\/v2\/pages\/20\/revisions"}],"predecessor-version":[{"id":146,"href":"https:\/\/psychoterapeutalubaczow.pl\/index.php\/wp-json\/wp\/v2\/pages\/20\/revisions\/146"}],"wp:attachment":[{"href":"https:\/\/psychoterapeutalubaczow.pl\/index.php\/wp-json\/wp\/v2\/media?parent=20"}],"curies":[{"name":"wp","href":"https:\/\/api.w.org\/{rel}","templated":true}]}}