{"id":17,"date":"2022-01-04T18:04:36","date_gmt":"2022-01-04T17:04:36","guid":{"rendered":"https:\/\/psychoterapeutalubaczow.pl\/?page_id=17"},"modified":"2025-04-25T11:12:37","modified_gmt":"2025-04-25T09:12:37","slug":"psychoterapia","status":"publish","type":"page","link":"https:\/\/psychoterapeutalubaczow.pl\/","title":{"rendered":"Psychoterapia"},"content":{"rendered":"<div class=\"wp-block-image\">\n<figure class=\"alignleft size-large is-resized\"><img loading=\"lazy\" decoding=\"async\" width=\"767\" height=\"1024\" src=\"https:\/\/psychoterapeutalubaczow.pl\/wp-content\/uploads\/2022\/01\/grafika_puzzle-767x1024.jpg\" alt=\"\" class=\"wp-image-59\" style=\"width:311px;height:415px\" srcset=\"https:\/\/psychoterapeutalubaczow.pl\/wp-content\/uploads\/2022\/01\/grafika_puzzle-767x1024.jpg 767w, https:\/\/psychoterapeutalubaczow.pl\/wp-content\/uploads\/2022\/01\/grafika_puzzle-225x300.jpg 225w, https:\/\/psychoterapeutalubaczow.pl\/wp-content\/uploads\/2022\/01\/grafika_puzzle-768x1025.jpg 768w, https:\/\/psychoterapeutalubaczow.pl\/wp-content\/uploads\/2022\/01\/grafika_puzzle-1151x1536.jpg 1151w, https:\/\/psychoterapeutalubaczow.pl\/wp-content\/uploads\/2022\/01\/grafika_puzzle.jpg 1268w\" sizes=\"auto, (max-width: 767px) 100vw, 767px\" \/><\/figure>\n<\/div>\n\n\n<p>Jestem psychologiem i psychoterapeut\u0105 poznawczo-behawioralnym. Podczas pracy psychoterapeutycznej korzystam z metod pracy klasycznej terapii Poznawczo-Behawioralnej (CBT) oraz modeli terapeutycznych, kt\u00f3re wywodz\u0105 si\u0119 z tego nurtu: Terapii Schemat\u00f3w, Terapii Akceptacji i Zaanga\u017cowania (ACT) oraz Terapii Dialektyczno-Behawioralnej (DBT). Protok\u00f3\u0142 do pracy (oparty na badaniach naukowych) dobieram w zale\u017cno\u015bci od potrzeb i trudno\u015bci zg\u0142aszanych przez pacjenta.<\/p>\n\n\n\n<p>W swojej pracy kieruj\u0119 si\u0119 przede wszystkim dobrem pacjenta, pracuj\u0105c zgodnie z Kodeksem Etycznym PTTPB. Dbaj\u0105c o jako\u015b\u0107 \u015bwiadczonej pomocy, regularnie uczestnicz\u0119 w spotkaniach superwizyjnych.<\/p>\n\n\n\n<p>W pracy terapeutycznej zale\u017cy mi na budowaniu wzajemnego zaanga\u017cowania oraz wsp\u00f3\u0142pracy w osi\u0105ganiu realnych cel\u00f3w prowadz\u0105cych do zmiany i poprawy jako\u015bci \u017cycia. Prowadz\u0119 psychoterapi\u0119 indywidualn\u0105 os\u00f3b doros\u0142ych. Korzystaj\u0105c ze swojej wiedzy i do\u015bwiadczenia, mog\u0119 pom\u00f3c zmierzy\u0107 si\u0119 z problemami zdrowia psychicznego oraz trudno\u015bciami sytuacyjnymi, rozwin\u0105\u0107 zasoby i indywidualny potencja\u0142 oraz odbudowa\u0107 trudne i spl\u0105tane relacje z innymi.<\/p>\n\n\n\n<div class=\"wp-block-columns is-layout-flex wp-container-core-columns-is-layout-9d6595d7 wp-block-columns-is-layout-flex\">\n<div class=\"wp-block-column is-layout-flow wp-block-column-is-layout-flow\">\n<p><strong>Specjalizuj\u0119 si\u0119 w diagnozie i psychoterapii:<\/strong><\/p>\n\n\n\n<p>\u2013 zaburze\u0144 nastroju: depresja, zaburzenie afektywne dwubiegunowe oraz inne;<br>\u2013 zaburze\u0144 l\u0119kowych: zaburzenie l\u0119kowe uog\u00f3lnione (GAD), zaburzenie obsesyjno-kompulsyjne (OCD), napady paniki, tak\u017ce z agorafobi\u0105, fobia spo\u0142eczna, l\u0119k o zdrowie oraz inne zaburzenia l\u0119kowe;<br>\u2013 zaburze\u0144 adaptacyjnych, zespo\u0142u stresu pourazowego PTSD;<br>\u2013 zaburze\u0144 od\u017cywania;<br>\u2013 zaburze\u0144 osobowo\u015bci;<br>\u2013 zaburzenia kontroli impuls\u00f3w.<\/p>\n<\/div>\n\n\n\n<div class=\"wp-block-column is-layout-flow wp-block-column-is-layout-flow\">\n<p><strong>Prowadz\u0119 konsultacje z zakresu:<\/strong><\/p>\n\n\n\n<p>\u2013 depresji;<br>\u2013 zaburze\u0144 l\u0119kowych;<br>\u2013 trudno\u015bci w relacjach rodzinnych;<br>\u2013 trudno\u015bci w relacjach partnerskich;<br>\u2013 trudno\u015bci w relacjach spo\u0142ecznych;<br>\u2013 trudno\u015bci natury emocjonalnej;<br>\u2013 radzenia sobie ze stresem;<br>\u2013 psychoedukacji;<br>\u2013 zachowa\u0144 kompulsywnych;<br>\u2013 perfekcjonizmu.<\/p>\n<\/div>\n<\/div>\n","protected":false},"excerpt":{"rendered":"<p>Jestem psychologiem i psychoterapeut\u0105 poznawczo-behawioralnym. Podczas pracy psychoterapeutycznej korzystam z metod pracy klasycznej terapii Poznawczo-Behawioralnej (CBT) oraz modeli terapeutycznych, kt\u00f3re wywodz\u0105 si\u0119 z tego nurtu: Terapii Schemat\u00f3w, Terapii Akceptacji i Zaanga\u017cowania (ACT) oraz Terapii Dialektyczno-Behawioralnej (DBT). Protok\u00f3\u0142 do pracy (oparty na badaniach naukowych) dobieram w zale\u017cno\u015bci od potrzeb i trudno\u015bci zg\u0142aszanych przez pacjenta. W swojej [&hellip;]<\/p>\n","protected":false},"author":2,"featured_media":0,"parent":0,"menu_order":0,"comment_status":"closed","ping_status":"closed","template":"page-templates\/full-width.php","meta":{"_ti_tpc_template_sync":false,"_ti_tpc_template_id":"","footnotes":""},"class_list":["post-17","page","type-page","status-publish","hentry"],"_links":{"self":[{"href":"https:\/\/psychoterapeutalubaczow.pl\/index.php\/wp-json\/wp\/v2\/pages\/17","targetHints":{"allow":["GET"]}}],"collection":[{"href":"https:\/\/psychoterapeutalubaczow.pl\/index.php\/wp-json\/wp\/v2\/pages"}],"about":[{"href":"https:\/\/psychoterapeutalubaczow.pl\/index.php\/wp-json\/wp\/v2\/types\/page"}],"author":[{"embeddable":true,"href":"https:\/\/psychoterapeutalubaczow.pl\/index.php\/wp-json\/wp\/v2\/users\/2"}],"replies":[{"embeddable":true,"href":"https:\/\/psychoterapeutalubaczow.pl\/index.php\/wp-json\/wp\/v2\/comments?post=17"}],"version-history":[{"count":19,"href":"https:\/\/psychoterapeutalubaczow.pl\/index.php\/wp-json\/wp\/v2\/pages\/17\/revisions"}],"predecessor-version":[{"id":143,"href":"https:\/\/psychoterapeutalubaczow.pl\/index.php\/wp-json\/wp\/v2\/pages\/17\/revisions\/143"}],"wp:attachment":[{"href":"https:\/\/psychoterapeutalubaczow.pl\/index.php\/wp-json\/wp\/v2\/media?parent=17"}],"curies":[{"name":"wp","href":"https:\/\/api.w.org\/{rel}","templated":true}]}}