{"id":10,"date":"2022-01-04T13:01:08","date_gmt":"2022-01-04T12:01:08","guid":{"rendered":"https:\/\/psychoterapeutalubaczow.pl\/?page_id=10"},"modified":"2024-11-17T08:45:04","modified_gmt":"2024-11-17T07:45:04","slug":"o-mnie","status":"publish","type":"page","link":"https:\/\/psychoterapeutalubaczow.pl\/index.php\/o-mnie\/","title":{"rendered":"O mnie"},"content":{"rendered":"<div class=\"wp-block-image\">\n<figure class=\"alignleft size-large is-resized\"><img loading=\"lazy\" decoding=\"async\" width=\"768\" height=\"1024\" src=\"https:\/\/psychoterapeutalubaczow.pl\/wp-content\/uploads\/2023\/05\/pola-na-strone-768x1024.jpg\" alt=\"\" class=\"wp-image-114\" style=\"width:384px;height:512px\" srcset=\"https:\/\/psychoterapeutalubaczow.pl\/wp-content\/uploads\/2023\/05\/pola-na-strone-768x1024.jpg 768w, https:\/\/psychoterapeutalubaczow.pl\/wp-content\/uploads\/2023\/05\/pola-na-strone-225x300.jpg 225w, https:\/\/psychoterapeutalubaczow.pl\/wp-content\/uploads\/2023\/05\/pola-na-strone-1152x1536.jpg 1152w, https:\/\/psychoterapeutalubaczow.pl\/wp-content\/uploads\/2023\/05\/pola-na-strone-1536x2048.jpg 1536w, https:\/\/psychoterapeutalubaczow.pl\/wp-content\/uploads\/2023\/05\/pola-na-strone-scaled.jpg 1920w\" sizes=\"auto, (max-width: 768px) 100vw, 768px\" \/><\/figure>\n<\/div>\n\n\n<p>Jestem psychologiem oraz certyfikowanym psychoterapeut\u0105 poznawczo-behawioralnym PTTPB (nr 1890). Uko\u0144czy\u0142am pi\u0119cioletnie jednolite studia magisterskie o specjalno\u015bci psychologia kliniczna na <strong>Uniwersytecie SWPS w Warszawie (filia we Wroc\u0142awiu)<\/strong>. Podczas pisania pracy magisterskiej mia\u0142am przyjemno\u015b\u0107 wsp\u00f3\u0142pracowa\u0107 z zespo\u0142em badawczym pod kierunkiem prof. Ewy Pisuli. Wyniki, kt\u00f3re uzyska\u0142am, pos\u0142u\u017cy\u0142y do stworzenia polskiej adaptacji ameryka\u0144skiej baterii diagnostycznej ASRS. Obecnie jest ona wykorzystywana w poradniach specjalistycznych na terenie naszego kraju do diagnozy zaburze\u0144 ze spektrum autyzmu.<\/p>\n\n\n\n<p>Uko\u0144czy\u0142am czteroletnie dwustopniowe studia podyplomowe z psychoterapii poznawczo-behawioralnej, otrzymuj\u0105c ocen\u0119 bardzo dobr\u0105 na <strong>Uniwersytecie SWPS w Warszawie (filia w Katowicach)<\/strong>. Uko\u0144czenie studi\u00f3w podyplomowych jest potwierdzeniem nabycia umiej\u0119tno\u015bci samodzielnego prowadzenia psychoterapii.<\/p>\n\n\n\n<p><\/p>\n\n\n\n<p>Jeszcze w czasie studi\u00f3w rozpocz\u0119\u0142am swoj\u0105 drog\u0119 zawodow\u0105. Odby\u0142am sta\u017c w <strong>Dziennym O\u015brodku Psychiatrii i Zaburze\u0144 Mowy we Wroc\u0142awiu<\/strong>, w kt\u00f3rym prowadzi\u0142am diagnoz\u0119 psychologiczn\u0105, terapi\u0119 indywidualn\u0105 i grupow\u0105, profilaktyk\u0119 i edukacj\u0119 zdrowia. Po uko\u0144czeniu studi\u00f3w magisterskich zdobywa\u0142am do\u015bwiadczenie, jako psycholog, w <strong>Uniwersyteckim Szpitalu Klinicznym we Wroc\u0142awiu<\/strong> na Oddzia\u0142ach Neurochirurgii, Chirurgii Transplantacyjnej, Anestezjologii i Intensywnej Terapii oraz innych. Zajmowa\u0142am si\u0119 tam diagnoz\u0105 psychologiczn\u0105 w celu weryfikacji braku psychologicznych przeciwwskaza\u0144 do r\u00f3\u017cnego rodzaju zabieg\u00f3w chirurgicznych oraz transplantacyjnych, terapi\u0105 kr\u00f3tko- i d\u0142ugoterminow\u0105, dzia\u0142aniami interwencyjnymi u pacjent\u00f3w po stracie, wypadkach komunikacyjnych oraz u pacjent\u00f3w paliatywnych.<\/p>\n\n\n\n<p>Pracowa\u0142am r\u00f3wnie\u017c na stanowisku psychologa i psychoterapeuty w <strong>Poradni Psychologiczno-Pedagogicznej w Lubaczowie<\/strong>. W <strong>Powiatowym Centrum Pomocy Rodzinie w Lubaczowie<\/strong> oraz <strong>O\u015brodku Rehabilitacyjno-Edukacyjno-Wychowawczym w Oleszycach<\/strong> zajmowa\u0142am si\u0119 diagnoz\u0105 psychologiczn\u0105 oraz terapi\u0105 indywidualn\u0105. Obecnie prowadz\u0119 prywatny <strong>Gabinet Psychoterapii Poznawczo-Behawioralnej <em>\u201e<\/em>Elementy<em>\u201d<\/em><\/strong>, w kt\u00f3rym przyjmuj\u0119 m\u0142odzie\u017c oraz doros\u0142ych.<\/p>\n\n\n\n<p>Prowadz\u0105c gabinet &#8220;Elementy&#8221; dbam o jako\u015b\u0107 \u015bwiadczonych us\u0142ug. W swojej pracy zawsze opieram si\u0119 na sprawdzonych naukowo, najbardziej rekomendowanych, zalecanych i aktualnych metodach pracy z pacjentem wed\u0142ug NICE&nbsp;(Narodowy Instytut Zdrowia i Doskona\u0142o\u015bci Klinicznej) oraz APA&nbsp;(Ameryka\u0144skie Towarzystwo Psychiatryczne). <\/p>\n\n\n\n<p>Swoj\u0105 prac\u0119 poddaj\u0119 regularnej superwizji u certyfikowanych superwizor\u00f3w CBT oraz czerpi\u0105c wsparcie z superwizji kole\u017ce\u0144skiej w\u015br\u00f3d psychoterapeut\u00f3w CBT. Wiedz\u0119 i kwalifikacje poszerzam w ramach sta\u017cy zawodowych w o\u015brodkach psychoterapeutycznych, uczestnicz\u0105c w szkoleniach oraz konferencjach naukowych.<\/p>\n","protected":false},"excerpt":{"rendered":"<p>Jestem psychologiem oraz certyfikowanym psychoterapeut\u0105 poznawczo-behawioralnym PTTPB (nr 1890). Uko\u0144czy\u0142am pi\u0119cioletnie jednolite studia magisterskie o specjalno\u015bci psychologia kliniczna na Uniwersytecie SWPS w Warszawie (filia we Wroc\u0142awiu). Podczas pisania pracy magisterskiej mia\u0142am przyjemno\u015b\u0107 wsp\u00f3\u0142pracowa\u0107 z zespo\u0142em badawczym pod kierunkiem prof. Ewy Pisuli. Wyniki, kt\u00f3re uzyska\u0142am, pos\u0142u\u017cy\u0142y do stworzenia polskiej adaptacji ameryka\u0144skiej baterii diagnostycznej ASRS. Obecnie jest [&hellip;]<\/p>\n","protected":false},"author":2,"featured_media":0,"parent":0,"menu_order":0,"comment_status":"closed","ping_status":"closed","template":"page-templates\/full-width.php","meta":{"_ti_tpc_template_sync":false,"_ti_tpc_template_id":"","footnotes":""},"class_list":["post-10","page","type-page","status-publish","hentry"],"_links":{"self":[{"href":"https:\/\/psychoterapeutalubaczow.pl\/index.php\/wp-json\/wp\/v2\/pages\/10","targetHints":{"allow":["GET"]}}],"collection":[{"href":"https:\/\/psychoterapeutalubaczow.pl\/index.php\/wp-json\/wp\/v2\/pages"}],"about":[{"href":"https:\/\/psychoterapeutalubaczow.pl\/index.php\/wp-json\/wp\/v2\/types\/page"}],"author":[{"embeddable":true,"href":"https:\/\/psychoterapeutalubaczow.pl\/index.php\/wp-json\/wp\/v2\/users\/2"}],"replies":[{"embeddable":true,"href":"https:\/\/psychoterapeutalubaczow.pl\/index.php\/wp-json\/wp\/v2\/comments?post=10"}],"version-history":[{"count":23,"href":"https:\/\/psychoterapeutalubaczow.pl\/index.php\/wp-json\/wp\/v2\/pages\/10\/revisions"}],"predecessor-version":[{"id":137,"href":"https:\/\/psychoterapeutalubaczow.pl\/index.php\/wp-json\/wp\/v2\/pages\/10\/revisions\/137"}],"wp:attachment":[{"href":"https:\/\/psychoterapeutalubaczow.pl\/index.php\/wp-json\/wp\/v2\/media?parent=10"}],"curies":[{"name":"wp","href":"https:\/\/api.w.org\/{rel}","templated":true}]}}